m. Let o(y) be the first derivative of q(y). Determine o(-3).
3
Let x(w) = w**2 + 6*w - 7. Suppose 0*b - 5*p = -b - 15, -2*b = -p - 6. Suppose -15 = -u + b*t, -5*u + t - 6*t - 45 = 0. Determine x(u).
-12
Let u(k) = 36*k + 331. Let q be u(-9). Let m(l) = 4*l**2 - 29*l - 4. Give m(q).
-11
Suppose 4*z - 12 = 0, 4*h - 3*z - 29 = 134. Let q(v) = -77*v + 37*v + h*v - 7. Let r be 18/4 - 3/(-6). Give q(r).
8
Let q(g) be the second derivative of g**3/2 - 2*g**2 + 103*g - 1. Suppose -2 = 34*y - 104. Give q(y).
5
Suppose 9*a = 3*b - 3, -2*a = -2*b + 46 - 40. Suppose -1 = -3*z + 5. Let d(h) = 3 + 3*h**z - h**3 - 3 + h + 2*h. What is d(b)?
-4
Suppose 8*s + 11 - 59 = 0. Let a(m) = -1 + 0*m + 10 - 6 + 2*m - 6. Calculate a(s).
9
Let x(n) = n**3 + 11*n**2 + 8*n + 9. Let k(o) = 7*o**3 + 5*o**2 + o - 2. Let u be k(-3). Let j = -159 - u. Calculate x(j).
29
Let g(r) = 73*r - 88. Let d(x) = -34*x + 42. Let z(h) = 9*d(h) + 4*g(h). Calculate z(9).
-100
Let v(d) = -d**2 + d. Suppose -3*j - 14 = p, -j + 1 - 6 = 0. Let w(m) = -4*m**2 - 4*m - 5. Let a(f) = p*w(f) - 3*v(f). What is a(-6)?
1
Suppose 0 = -2*y + 109 - 81. Let i(c) = -y + 9 - 15*c**2 + 14*c**2. Give i(-4).
-21
Let l = 3795 - 3793. Let d(f) = -2*f**3 - f**2 + 4*f - 5. Determine d(l).
-17
Let i be ((-8)/44 - 31/11)*(-355)/(-213). Let j(u) = 6*u - 11. What is j(i)?
-41
Suppose 2*n = -20 - 0. Let f be n/(-2) + -1*(-3)/(-1). Let d(t) = 0*t - 4*t - 2*t + 3. What is d(f)?
-9
Let v be (-50)/60 + 19/(-114). Let g(p) = 12*p + 1. Determine g(v).
-11
Let b(a) = 5*a**2 + 15*a - 14. Let s(f) = 24*f**2 + 70*f - 71. Let v(k) = -14*b(k) + 3*s(k). Determine v(7).
81
Let j(b) = -4*b**2 + 43*b + 49. Let u(h) = h**2 - 12*h - 16. Let d(z) = 2*j(z) + 7*u(z). Give d(-7).
-77
Let y(f) = -f**2 + f + 3. Let s(r) = -r**2 + 2*r + 2. Let g(l) = -3*s(l) + 2*y(l). Let k = 1871 - 1874. Calculate g(k).
21
Let j(u) = -u + 8. Let m(h) = h**3 + 7*h**2 + 42*h + 160. Let f be m(-5). What is j(f)?
8
Let r = 119 + -122. Let g be 2 - (r + -4 + 4 + 0). Let u(b) = -b**2 + 5*b - 2. Give u(g).
-2
Let x(k) = 48*k**3 + 5*k**2 - 11*k - 26. Let m(r) = 63*r**3 + 6*r**2 - 15*r - 34. Let o(g) = 7*m(g) - 9*x(g). Calculate o(-1).
-10
Suppose -17*y + 34 = -0*y. Let x(k) = 2*k - 10*k + 2*k**2 + 9*k - y. Calculate x(3).
19
Let i = 81 - 75. Let v(j) = i - 7 - 11 - 7 + j. Determine v(14).
-5
Let y(c) = c**2 - 14*c + 50. Suppose -192*z + 130 = 211*z - 390*z. Determine y(z).
10
Let r(j) = j**2 - 8*j - 528. Let h be r(-20). Suppose h*l + 28 = 39*l. Let u(p) = 4*p - 1 + 1 - p**2. What is u(l)?
0
Let n(c) = c**2 + 2*c - 12. Let l(f) = -4*f**2 - 9*f + 47. Let y(w) = 2*l(w) + 9*n(w). Let m = -55 - -55. Calculate y(m).
-14
Suppose 5*t - 3 = 2. Let k = 131 - 129. Let i(g) = k*g - 113 + 56 - 13*g**2 + 56. Give i(t).
-12
Let u(a) = a**2 - 10*a + 12. Suppose 7*y - 5*y - 15 = -g, -4*g - 20 = 0. What is u(y)?
12
Let o(z) be the second derivative of z**3/6 + 2*z**2 - 104*z - 41. Let g(f) = f**2 - 3*f - 7. Let k be g(5). Determine o(k).
7
Suppose -21*b + 12 = -18*b. Suppose -b*r - 2*a - a + 24 = 0, a = 0. Suppose 18*t - 16*t = -r. Let n(m) = -4*m - 2. Give n(t).
10
Let v(x) = 10*x + 457. Let l(h) = 9*h + 402. Let i(a) = 7*l(a) - 6*v(a). Calculate i(-28).
-12
Let w(p) = -33 - 58*p**2 - 6762*p + 2*p**3 + 13593*p - 6774*p + 2 + 0*p**3. Give w(28).
-3
Let b(j) = -j**2 - 84*j + 451. Suppose 1156*r - 1159*r = -4*m - 19, 5*r = -m + 24. Calculate b(r).
6
Let q(n) be the second derivative of 0 - 55*n + 3/2*n**2 - 3/2*n**3. Calculate q(1).
-6
Let t(k) = 6*k**3. Let z = 105 + -95. Suppose -4*f + 6 = p, -5*f + 2*p = -z*f + 9. Calculate t(f).
6
Let o(f) = 15*f**3 + 9*f**2 - 27*f + 29. Let k(w) = w**3 - 2*w + 2. Let u(z) = 14*k(z) - o(z). Calculate u(-4).
-77
Let i = -2696 - -2690. Let k(o) = 20*o + 137. Determine k(i).
17
Let i be (13/(572/(-33)))/(6/(-4))*-22. Let h(b) = -b**3 - 9*b**2 + 20*b - 16. What is h(i)?
6
Suppose 2328 + 2878 = 19*q. Let c = q + -270. Let n(u) = -13*u + 6. What is n(c)?
-46
Let d(h) be the third derivative of h**6/120 + h**5/30 - 5*h**4/6 + 10*h**3/3 - 6*h**2 - 159*h. What is d(2)?
-4
Let o(q) = -9*q - 31. Let i(z) = 255*z - 2550. Let m be i(10). Calculate o(m).
-31
Let p(t) = 0*t**2 + 2*t + 0*t - t**3 + 2*t**2 + 3. Let j be (-3655)/(-731) + 2*2/(-10)*5. Give p(j).
0
Let r(s) = 2*s**2 + 4*s - 3. Let k(f) = -13*f + 4. Let n be k(2). Let m be 1/(((-2)/n)/(1/1)). Suppose -m = 2*g - 3*y, 3*g = -3*y + 28 - 7. Determine r(g).
13
Let z(w) = -51*w + 5. Let h(l) = -104*l + 12. Let i(c) = 4*h(c) - 9*z(c). Determine i(-1).
-40
Let m(j) = j**2 - j - 4. Let x be m(2). Let z(s) = 15 - 1 + s + s**3 - 29 + 17 + 0*s**3. Determine z(x).
-8
Let j(m) = -5*m**2 + 16*m + 9. Let n(a) = 22*a**2 - 65*a - 36. Let k(c) = -9*j(c) - 2*n(c). What is k(16)?
23
Let o(a) = 11*a**2 + 14*a - 14. Let v(d) = -10*d**2 - 13*d + 11. Let r(m) = 12*o(m) + 13*v(m). What is r(0)?
-25
Let v be (1 + -2)/(15/(-300)) + 3/(-3). Let l(q) = -q + 39. Calculate l(v).
20
Let q be (0 + 642/96)*-2 - (-6)/16. Let c(b) = 5*b**2 + 66*b + 13. Determine c(q).
0
Suppose 2*p = -3*f + p + 12, 5*f - 20 = -2*p. Let o(u) = -3 + u**2 - 408*u - 3 + 401*u + 2 + 3. Give o(f).
-13
Suppose -420 = 10120*o - 10148*o. Let w(p) = p - 19. Give w(o).
-4
Let s(a) be the second derivative of 0*a**3 - 1/240*a**6 - 5*a + 0*a**2 + 1/2*a**4 + 0*a**5 + 0. Let i(m) be the third derivative of s(m). Calculate i(-4).
12
Let o(c) = 2*c - 10. Let x be o(4). Let b be -3 - (x + 1)*2 - 1. Let t(h) = -2*h + 2. Let q(y) = 14*y - 10. Let j(f) = -2*q(f) - 10*t(f). Calculate j(b).
16
Let i(x) = -2*x + 1. Let o be 9*(2 + 12/(-9)). Suppose -7*y = -14*y + 126. Let z be y/o - (-5)/(-1). Calculate i(z).
5
Let j be (-6)/(-10) - (-8)/20. Let p(y) = 16*y + 2. Let i(d) = -8*d - 1. Let m(n) = -5*i(n) - 2*p(n). Determine m(j).
9
Let c(b) = 12*b. Let d(s) = -17*s - 1. Let t(o) = 5*c(o) + 4*d(o). Give t(0).
-4
Let n(s) be the third derivative of -s**5/30 - s**4/12 - s**3 + 1839*s**2. Calculate n(-3).
-18
Suppose -32*a + 122 = -25*a + 54*a. Let h(q) = 2*q**3 - 2*q**2 + q - 1. Calculate h(a).
9
Suppose -4 = -2*x - 2*x. Suppose 3*c = 5*h + 23, -x = -5*c - h - 0*h. Let m(n) = n + 2*n + 0 - 3 + 2 + 5*n - 6*n + 8*n**3 - n**2. What is m(c)?
8
Let c(h) = -h**3 - h + 1. Let a be 2/(-11) + ((-598)/(-22) - 3). Let b(s) = a - 3 - 10 - s**3 + 8*s + 0*s**3 - 9*s**2. Let w(i) = -b(i) + 2*c(i). Give w(8).
-25
Let d(h) = h**2 - 3*h - 32. Suppose i = -4*s - 15, 3*i - 15 = s + i. What is d(s)?
8
Suppose 0 = -18*v - 1 + 1873. Let p be v/13 + 1 + 4/(-1). Let q(f) = -f**3 + 7*f**2 - 4*f. What is q(p)?
30
Suppose -6 = 4*l - 30. Let s(t) = -16*t**3 + 15*t**3 - 8 + 5 + 4*t + 5*t**2 - 1. Determine s(l).
-16
Let k(n) = n**2 + n - 1. Let h(d) = 35*d**3 + 5*d**2 + 4*d - 4. Let j(l) = h(l) - 4*k(l). Suppose -5*s + g = -4, 0 = 4*s + 5*g - 6 - 3. Calculate j(s).
36
Let f(q) = 1 - 2*q**3 + 0*q**2 + 0*q**2. Suppose 0 = 10*m - 29 + 19. Let w be 0 - m - (-6 + -4 + 8). Give f(w).
-1
Let a(s) be the second derivative of s**3 + 3*s**2/2 - 4*s - 7. Let n = 182 + -188. What is a(n)?
-33
Let n(d) be the third derivative of 0*d - 1/12*d**4 + 12*d**2 - 2/3*d**3 + 0. Suppose -s + 20 = -6*s. Give n(s).
4
Let u be 4/16*(2 + 74). Suppose 12*x = -u + 55. Suppose 5*s + 5*c = x*c + 10, -4*s + c + 21 = 0. Let j(b) = -b**3 + 5*b**2 - 5. Give j(s).
11
Let m(v) = -v**2 - v - 2. Suppose -4*n = -5*n - 2. Let k be (n + 3 - 1)*-1 + 2. Calculate m(k).
-8
Suppose -4*n = 3*i + 2, 3 = i + 5. Let k(t) = 3*t + 0*t + 7*t + 2*t. Give k(n).
12
Suppose -13*q - 35 = 43. Let t be (-2)/24*q*-10. Let b(y) = 4*y - 3. Calculate b(t).
-23
Let h(o) = o**3 - 10*o**2 - 59*o + 100. Let q be h(14). Let x(r) = r**2 - 56*r - 114. Give x(q).
2
Let o(z) = -z**2 + 8*z + 20. Let c(b) = 103*b + 420. Let g be c(-4). What is o(g)?
20
Suppose -2*q - 4 + 6 = 0. Let c(a) = -a**2 + q + 0*a - 8*a + 5*a. What is c(-3)?
1
Let i(j) = -7*j**2 - j + 1. Let c(f) = f**2 - 88*f - 272. Let t be c(-3). Calculate i(t).
-7
Let u(f) = -27 - 15 + 8 + 3*f - 1. Give u(17).
16
Let z = 23960 + -23967. Let q(w) = w**3 + 5*w**2 - 13*w - 11. Calculate q(z).
-18
Let a(c) = c**3 - 3*c - 3. Suppose 4*t = f, 2*t + 110 = 5*f + 4*t. Suppose -15*l - f = -5*l. What is a(l)?
-5
Suppose 68 = -f - 2*f - 5*m, m = -4. Let a(p) = 6*p + 51. Give a(f).
-45
Let p(q) be the second derivative of q**5/20 + 3*q